{"id":801,"date":"2017-03-24T19:13:11","date_gmt":"2017-03-24T18:13:11","guid":{"rendered":"http:\/\/www.dianeclub.fr\/?page_id=801"},"modified":"2019-03-20T10:56:12","modified_gmt":"2019-03-20T09:56:12","slug":"encadrement-technique-du-club","status":"publish","type":"page","link":"http:\/\/www.dianeclub-archive.fr\/?page_id=801","title":{"rendered":"Encadrement Technique du Club"},"content":{"rendered":"<h1 style=\"text-align: center;\">Encadrement Technique du Club<\/h1>\n<p>Le club dispose d&rsquo;un encadrement technique constitu\u00e9 de 6 personnes :<\/p>\n<ul style=\"list-style-type: square;\">\n<li>Michel ERHART : Entra\u00eeneur<\/li>\n<li>Guy GATTEAUX : Entra\u00eeneur<\/li>\n<li>Isabelle ERHART : Assistante entra\u00eeneur<\/li>\n<li>Sylvie QUENAULT : Assistante entra\u00eeneur<\/li>\n<li>Tiffany VALOUR : Assistante entra\u00eeneur<\/li>\n<\/ul>\n<p><strong>La formation f\u00e9d\u00e9rale doit permettre aux b\u00e9n\u00e9voles investis dans les clubs d&rsquo;assurer l&rsquo;entra\u00eenement des d\u00e9butants (Entra\u00eeneur 1), leur faire d\u00e9couvrir l&rsquo;activit\u00e9 mais aussi leur permettre de progresser et de ma\u00eetriser les fondamentaux techniques pour pr\u00e9parer les archers \u00e0 la comp\u00e9tition si ces derniers le d\u00e9sirent.<\/strong><\/p>\n<p>Il est important de souligner le r\u00f4le d\u00e9terminant de l\u2019Entra\u00eeneur 1 dans l\u2019approche que pourront avoir les d\u00e9butants de la pratique du tir \u00e0 l\u2019arc. Par les choix qu\u2019il effectue, il entretient directement la motivation de l\u2019archer d\u00e9butant. Il a ainsi une influence directe sur la probabilit\u00e9 d\u2019une pratique durable aupr\u00e8s des archers initi\u00e9s. Il est donc important de d\u00e9limiter et reconna\u00eetre son r\u00f4le et sa participation \u00e0 la vie du club.<\/p>\n<p>Les comp\u00e9tences acquises lors de la formation Entra\u00eeneur 2 permettent aux cadres b\u00e9n\u00e9voles de pr\u00e9parer et de suivre leurs archers en comp\u00e9tition.<\/p>\n<p>Les entra\u00eeneurs de club doivent donc ma\u00eetriser la discipline pour pouvoir ensuite transmettre les bases fondamentales aux archers d\u00e9butants et les accompagner jusqu&rsquo;\u00e0 la pratique comp\u00e9titive.<\/p>\n<p><strong>Entra\u00eeneur 1 :<\/strong> l&rsquo;enseignement des fondamentaux techniques aux archers en s&rsquo;appuyant sur la d\u00e9marche d&rsquo;enseignement.<br \/>\n<strong>Entra\u00eeneur 2 :<\/strong> pr\u00e9parer les archers \u00e0 la comp\u00e9tition en int\u00e9grant les diff\u00e9rents facteurs de la performance.<\/p>\n<p>En amont de ces 2 formations f\u00e9d\u00e9rales dipl\u00f4mantes, est mise en place la formation <strong>Assistant Entra\u00eeneur<\/strong>.<\/p>\n<p>Elle est non dipl\u00f4mante, sans examen et se d\u00e9roule sur 16h minimum.<\/p>\n<p>Les comp\u00e9tences d\u00e9velopp\u00e9es sont : l&rsquo;accueil des licenci\u00e9s et des tiers, la gestion du mat\u00e9riel, la gestion de la s\u00e9curit\u00e9 lors des s\u00e9ances et l&rsquo;apport d&rsquo;un soutien \u00e0 l&rsquo;entra\u00eeneur r\u00e9f\u00e9rent.<\/p>\n<p>Source FFTA : <a href=\"http:\/\/www.ffta.fr\/formations-emplois\/formations-federales\/les-formations-initiales\" target=\"_blank\" rel=\"noopener noreferrer\">http:\/\/www.ffta.fr\/formations-emplois\/formations-federales\/les-formations-initiales<\/a><\/p>\n<p>&nbsp;<\/p>\n<hr \/>\n<p>Je vais tenter de vous\u00a0expliquer les r\u00f4les de chacun en m&rsquo;appuyant sur le document officiel de la FFTA \u00ab\u00a0<a href=\"http:\/\/www.dianeclub-archive.fr\/wp-content\/uploads\/2017\/03\/schema_des_formations_federales_2015.pdf\" target=\"_blank\" rel=\"noopener noreferrer\">Sch\u00e9ma des formations f\u00e9d\u00e9rales<\/a>\u00a0\u00bb<br \/>\nPr\u00e9parer le ravitaillement, \u00e7a risque d&rsquo;\u00eatre un peu long \ud83d\ude09<\/p>\n<h2><strong>L&rsquo;entra\u00eeneur 1 :<\/strong><\/h2>\n<h4><em><strong>Champ des activit\u00e9s<\/strong><\/em><\/h4>\n<p>L\u2019Entra\u00eeneur 1 exerce les activit\u00e9s suivantes :<\/p>\n<ul style=\"list-style-type: disc;\">\n<li>Participer \u00e0 l\u2019int\u00e9gration des d\u00e9butants dans le milieu associatif.<\/li>\n<li>Initier et faire progresser les d\u00e9butants.<\/li>\n<li>G\u00e9rer le mat\u00e9riel d\u2019initiation mis \u00e0 la disposition<\/li>\n<li>Participer \u00e0 l\u2019animation de la vie du club.<\/li>\n<li>Veiller \u00e0 la s\u00e9curit\u00e9 des pratiquants, des tiers et du lieu de pratique.<\/li>\n<\/ul>\n<p>Il est important de souligner le r\u00f4le d\u00e9terminant de l\u2019Entra\u00eeneur 1 dans l\u2019approche que pourront avoir les d\u00e9butants de la pratique du tir \u00e0 l\u2019arc. Par les choix qu\u2019il effectue, il entretient directement la motivation de l\u2019archer d\u00e9butant. Il a ainsi une influence directe sur la probabilit\u00e9 d\u2019une pratique durable aupr\u00e8s des archers initi\u00e9s. Il est donc important de d\u00e9limiter et reconna\u00eetre son r\u00f4le et sa participation \u00e0 la vie du club.<\/p>\n<h4><strong>D\u00e9limitation du champ d\u2019intervention<\/strong><\/h4>\n<h4><em><strong>La validit\u00e9 de l\u2019utilisation du dipl\u00f4me :<\/strong><\/em><\/h4>\n<p>Pour \u00eatre inscrit sur le r\u00e9pertoire national des cadres actifs, il doit r\u00e9pondre aux crit\u00e8res suivants :<\/p>\n<ul style=\"list-style-type: disc;\">\n<li>Etre licenci\u00e9 \u00e0 la FFTA lors des deux derni\u00e8res saisons minimum<\/li>\n<li>Poss\u00e9der le dipl\u00f4me d\u2019Entra\u00eeneur 1 depuis moins de quatre ans ou suivre une formation continue relative aux fonctions d\u2019Entra\u00eeneur 1 au moins toutes les trois saisons. Ces formations continues permettent notamment de suivre les \u00e9volutions de nos formations et de leurs contenus.<\/li>\n<\/ul>\n<h4><em><strong>Etapes p\u00e9dagogiques de l\u2019enseignement :<\/strong><\/em><\/h4>\n<p>L\u2019Entra\u00eeneur 1 enseigne le tir \u00e0 l\u2019arc \u00e0 ses archers selon les diff\u00e9rentes \u00e9tapes suivantes :<\/p>\n<p><strong>Etape 1 : Apprentissage des fondamentaux structurels<\/strong><\/p>\n<p>Les objectifs d\u2019acquisition de cette \u00e9tape sont valables pour tous les archers et se font au sein du groupe :<\/p>\n<ul style=\"list-style-type: disc;\">\n<li>Il fait d\u00e9couvrir d\u2019une mani\u00e8re globale tous les fondamentaux techniques<\/li>\n<li>Il s\u2019adapte aux motivations et \u00e0 l\u2019investissement des archers<\/li>\n<li>Il fait d\u00e9couvrir l\u2019utilisation des outils<\/li>\n<li>Il met l\u2019accent sur l\u2019acquisition* des fondamentaux techniques<\/li>\n<li>Il veille plus particuli\u00e8rement \u00e0 l\u2019acquisition des placements et des postures<\/li>\n<\/ul>\n<p><strong>Etape 2 : Apprentissage des fondamentaux fonctionnels<\/strong><\/p>\n<p>Les objectifs d\u2019acquisition de cette \u00e9tape seront individualis\u00e9s au regard de l\u2019\u00e9valuation 1 :<\/p>\n<ul style=\"list-style-type: disc;\">\n<li>L\u2019entra\u00eeneur 1 individualisera les s\u00e9ances d\u2019entra\u00eenement<\/li>\n<li>Il veillera \u00e0 la ma\u00eetrise* des placements et des postures<\/li>\n<li>Il travaillera \u00e0 l\u2019acquisition* du mouvement<\/li>\n<li>Il aidera l\u2019archer \u00e0 acqu\u00e9rir de l\u2019autonomie<\/li>\n<li>Il introduira l\u2019utilisation du clicker en tenant compte de l\u2019\u00e9volution de l\u2019archer<\/li>\n<\/ul>\n<p><strong>Etape 3 : Pr\u00e9paration \u00e0 la comp\u00e9tition (comp\u00e9titeurs) \/ progression (non comp\u00e9titeurs)<\/strong><\/p>\n<p>L\u2019objectif de cette \u00e9tape est d\u2019appr\u00e9hender la comp\u00e9tition \u00e0 partir des acquis techniques structurels et fonctionnels :<\/p>\n<ul style=\"list-style-type: disc;\">\n<li>L\u2019entra\u00eeneur 1 individualisera toujours l\u2019entrainement<\/li>\n<li>Il travaillera avec ses archers l\u2019automatisation* des placements et des postures<\/li>\n<li>Il travaillera la ma\u00eetrise du mouvement<\/li>\n<li>Il veillera \u00e0 ce que l\u2019archer d\u00e9veloppe son autonomie<\/li>\n<li>Il d\u00e9terminera le moment o\u00f9 les futurs comp\u00e9titeurs pourront faire leurs premi\u00e8res exp\u00e9riences comp\u00e9titives (d\u00e9couverte) et les accompagnera.<\/li>\n<\/ul>\n<p>Pour les comp\u00e9titeurs, durant cette \u00e9tape, l\u2019Entra\u00eeneur 2 pourra alors int\u00e9grer les autres facteurs de la performance pour pr\u00e9parer au mieux les archers \u00e0 la comp\u00e9tition (avec d\u00e9termination d\u2019objectif).<\/p>\n<h2><strong>L&rsquo;entra\u00eeneur 2 :\u00a0<\/strong><\/h2>\n<p><strong>C&rsquo;est un entra\u00eeneur 1 qui a suivi une formation compl\u00e9mentaire afin d&rsquo;accompagner les archers en comp\u00e9tition :<\/strong><\/p>\n<p>L\u2019Entra\u00eeneur 2 exerce les activit\u00e9s suivantes :<\/p>\n<ul style=\"list-style-type: disc;\">\n<li>Entra\u00eener les archers pour les pr\u00e9parer \u00e0 des comp\u00e9titions.<\/li>\n<li>Assurer le suivi des archers en comp\u00e9tition<\/li>\n<li>Participer au choix et \u00e0 la gestion du mat\u00e9riel de comp\u00e9tition des archers.<\/li>\n<li>Veiller \u00e0 la s\u00e9curit\u00e9 des pratiquants, des tiers et du lieu de pratique.<\/li>\n<\/ul>\n<p>Il est important de souligner le r\u00f4le d\u00e9terminant de l\u2019Entra\u00eeneur 2 dans la pratique qu\u2019ont les archers en comp\u00e9tition et dans leur investissement dans la fili\u00e8re sportive f\u00e9d\u00e9rale. Il a une influence directe sur la r\u00e9ussite de ceux-ci et sur leur investissement durable dans le syst\u00e8me comp\u00e9titif mis en place par la FFTA. Il est donc important de d\u00e9limiter et de reconna\u00eetre son r\u00f4le et sa participation \u00e0 la vie du club.<\/p>\n<h4><strong>D\u00e9limitation du champ d\u2019intervention<\/strong><\/h4>\n<h4><em><strong>La validit\u00e9 de l\u2019utilisation du dipl\u00f4me :<\/strong><\/em><\/h4>\n<p>Pour \u00eatre inscrit sur la liste nationale des cadres actifs, il doit r\u00e9pondre aux crit\u00e8res suivants :<\/p>\n<ul style=\"list-style-type: disc;\">\n<li>Etre licenci\u00e9 \u00e0 la FFTA, au moins lors des deux derni\u00e8res saisons.<\/li>\n<li>Suivre une formation continue relative aux fonctions d\u2019Entra\u00eeneur 2 au moins toutes les trois saisons. Ces formations continues permettent notamment de suivre les \u00e9volutions de nos formations et de leurs contenus.<\/li>\n<\/ul>\n<h4><em><strong>Description des activit\u00e9s :<\/strong><\/em><\/h4>\n<p><strong>1 : Il organise et structure l\u2019entra\u00eenement<\/strong><\/p>\n<ul style=\"list-style-type: disc;\">\n<li>D\u00e9finit les objectifs comp\u00e9titifs avec ses archers en fonction de l\u2019\u00e9valuation diagnostique<\/li>\n<li>Planifie la saison sportive<\/li>\n<li>Programme le travail<\/li>\n<li>Adapte et met en place le contenu de ses s\u00e9ances en fonction de l\u2019\u00e9volution de ses archers<\/li>\n<li>D\u00e9veloppe les diff\u00e9rents facteurs de la performance (physique, techniques, mental) en fonction de besoins de ses archers<\/li>\n<li>Participe au choix et aux r\u00e9glages du mat\u00e9riel de l\u2019archer.<\/li>\n<\/ul>\n<p><em><strong>2 : Il assure le suivi des archers en comp\u00e9tition<\/strong><\/em><\/p>\n<ul style=\"list-style-type: disc;\">\n<li>Veille \u00e0 l\u2019application de sa strat\u00e9gie de tir<\/li>\n<li>Observe son comportement en comp\u00e9tition<\/li>\n<li>Optimise les ressources mentales de ses archers<\/li>\n<li>M\u00e8ne un entretien post comp\u00e9titif<\/li>\n<li>Favorise l\u2019autonomie de l\u2019archer en comp\u00e9tition<\/li>\n<\/ul>\n<h2>L&rsquo;Assistant entra\u00eeneur :<\/h2>\n<h4><strong>D\u00e9limitation du champ d\u2019intervention<\/strong><\/h4>\n<h4><em><strong>Le cadre de ses interventions :<\/strong><\/em><\/h4>\n<p>L\u2019intervention de l\u2019assistant entra\u00eeneur se situe dans le cadre des activit\u00e9s des clubs affili\u00e9s \u00e0 la F\u00e9d\u00e9ration Fran\u00e7aise de Tir \u00e0 l\u2019Arc. Il assiste l\u2019entraineur en charge de la s\u00e9ance. Il peut \u00e9galement contribuer \u00e0 toute action de promotion ou de sensibilisation, organis\u00e9e par le club de mani\u00e8re ponctuelle, n\u00e9cessitant la d\u00e9couverte de la pratique pour un public novice.<\/p>\n<h5>Il n\u2019a pas vocation \u00e0 intervenir en comp\u00e9tition.<br \/>\nL\u2019assistant n\u2019est pas un entra\u00eeneur, il n\u2019enseigne pas.<br \/>\nIl participe au bon d\u00e9roulement de l\u2019activit\u00e9 au sein de son club.<\/h5>\n<h4><em><strong>Les conditions d\u2019encadrement de la pratique :<\/strong><\/em><\/h4>\n<p>L\u2019assistant entra\u00eeneur peut intervenir, sous la responsabilit\u00e9 d\u2019un entra\u00eeneur dipl\u00f4m\u00e9, au sein d\u2019une s\u00e9ance d\u2019entrainement sur l\u2019organisation et la logistique.<br \/>\nEn cas d\u2019absence de ce dernier, il peut assurer l\u2019organisation g\u00e9n\u00e9rale de la s\u00e9ance sans pour autant pouvoir intervenir techniquement ou p\u00e9dagogiquement aupr\u00e8s des archers.<\/p>\n<p>Il peut \u00e9galement veiller \u00e0 la s\u00e9curit\u00e9 des diff\u00e9rents pas de tir dans le cadre des s\u00e9ances organis\u00e9es par le club.<\/p>\n<hr \/>\n<p>Et bien voil\u00e0, le r\u00f4le des cadres techniques du club ne devrait plus \u00eatre un myst\u00e8re pour vous, reprenez votre souffle, maintenant rendez-vous au club o\u00f9 vos entra\u00eeneurs sont \u00e0 votre disposition pour vous faire progresser.<br \/>\nSi vous avez des questions, des aspirations&#8230; Vous savez maintenant \u00e0 qui vous adresser.<\/p>\n<p>Bonnes fl\u00e8ches \u00e0 tous&#8230;<\/p>\n","protected":false},"excerpt":{"rendered":"<p>Encadrement Technique du Club Le club dispose d&rsquo;un encadrement technique constitu\u00e9 de 6 personnes : Michel ERHART : Entra\u00eeneur Guy GATTEAUX : Entra\u00eeneur Isabelle ERHART : Assistante entra\u00eeneur Sylvie QUENAULT : Assistante entra\u00eeneur Tiffany VALOUR : Assistante entra\u00eeneur La formation f\u00e9d\u00e9rale doit permettre aux b\u00e9n\u00e9voles investis dans les clubs d&rsquo;assurer l&rsquo;entra\u00eenement des d\u00e9butants (Entra\u00eeneur 1), [&hellip;]<\/p>\n","protected":false},"author":1,"featured_media":0,"parent":13,"menu_order":0,"comment_status":"closed","ping_status":"closed","template":"","meta":{"footnotes":""},"class_list":["post-801","page","type-page","status-publish","hentry"],"_links":{"self":[{"href":"http:\/\/www.dianeclub-archive.fr\/index.php?rest_route=\/wp\/v2\/pages\/801","targetHints":{"allow":["GET"]}}],"collection":[{"href":"http:\/\/www.dianeclub-archive.fr\/index.php?rest_route=\/wp\/v2\/pages"}],"about":[{"href":"http:\/\/www.dianeclub-archive.fr\/index.php?rest_route=\/wp\/v2\/types\/page"}],"author":[{"embeddable":true,"href":"http:\/\/www.dianeclub-archive.fr\/index.php?rest_route=\/wp\/v2\/users\/1"}],"replies":[{"embeddable":true,"href":"http:\/\/www.dianeclub-archive.fr\/index.php?rest_route=%2Fwp%2Fv2%2Fcomments&post=801"}],"version-history":[{"count":14,"href":"http:\/\/www.dianeclub-archive.fr\/index.php?rest_route=\/wp\/v2\/pages\/801\/revisions"}],"predecessor-version":[{"id":1557,"href":"http:\/\/www.dianeclub-archive.fr\/index.php?rest_route=\/wp\/v2\/pages\/801\/revisions\/1557"}],"up":[{"embeddable":true,"href":"http:\/\/www.dianeclub-archive.fr\/index.php?rest_route=\/wp\/v2\/pages\/13"}],"wp:attachment":[{"href":"http:\/\/www.dianeclub-archive.fr\/index.php?rest_route=%2Fwp%2Fv2%2Fmedia&parent=801"}],"curies":[{"name":"wp","href":"https:\/\/api.w.org\/{rel}","templated":true}]}}