{"id":10,"date":"2014-11-18T23:00:25","date_gmt":"2014-11-18T22:00:25","guid":{"rendered":"http:\/\/wp.dianeclub.fr\/?page_id=10"},"modified":"2023-09-10T14:51:16","modified_gmt":"2023-09-10T12:51:16","slug":"le-club","status":"publish","type":"page","link":"https:\/\/www.dianeclub-archive.fr\/?page_id=10","title":{"rendered":"Le Club"},"content":{"rendered":"<h1 class=\"art-postheader\" style=\"text-align: center;\">Le Club<\/h1>\n<div class=\"art-postcontent clearfix\">\n<div class=\"art-article\">\n<p><strong>Historique du club<\/strong><\/p>\n<p>Le Diane Club\u00a0a \u00e9t\u00e9 cr\u00e9\u00e9 en Avril 1986 par Odile JORDY qui fut la premi\u00e8re pr\u00e9sidente jusqu&rsquo;en 1992,\u00a0suivie par ces\u00a0pr\u00e9sidents :<\/p>\n<ul style=\"list-style-type: disc;\">\n<li>Georges LUX\u00a0en 1992<\/li>\n<li>Guy GATTEAUX en 2000<\/li>\n<li>Fran\u00e7ois PAILLER en 2011<\/li>\n<li>Guy GATTEAUX en 2014<\/li>\n<li>Michel ERHART en 2017<\/li>\n<\/ul>\n<p>Le club est situ\u00e9 au sein du ch\u00e2teau du Mollard sur la commune de Ch\u00e2teauneuf dans la Loire, ce qui nous permet de pouvoir pratiquer plusieurs disciplines comme par exemple le tir en salle \u00e0 18 m, le tir \u00e0 l&rsquo;arc ext\u00e9rieur, le tir en campagne, le tir nature, le tir 3D.<\/p>\n<p>Le Diane Club est avant tout une association sportive familiale, qui regroupe \u00e0 plusieurs occasions dans l&rsquo;ann\u00e9e l&rsquo;ensemble de ses adh\u00e9rents. Le Tir aux Papillotes, Le Tir de la Saint S\u00e9bastien, Le Tir du Roy et d&rsquo;autres activit\u00e9s.<\/p>\n<\/div>\n<\/div>\n","protected":false},"excerpt":{"rendered":"<p>Le Club Historique du club Le Diane Club\u00a0a \u00e9t\u00e9 cr\u00e9\u00e9 en Avril 1986 par Odile JORDY qui fut la premi\u00e8re pr\u00e9sidente jusqu&rsquo;en 1992,\u00a0suivie par ces\u00a0pr\u00e9sidents : Georges LUX\u00a0en 1992 Guy GATTEAUX en 2000 Fran\u00e7ois PAILLER en 2011 Guy GATTEAUX en 2014 Michel ERHART en 2017 Le club est situ\u00e9 au sein du ch\u00e2teau du Mollard [&hellip;]<\/p>\n","protected":false},"author":1,"featured_media":0,"parent":0,"menu_order":0,"comment_status":"closed","ping_status":"open","template":"","meta":{"footnotes":""},"class_list":["post-10","page","type-page","status-publish","hentry"],"_links":{"self":[{"href":"https:\/\/www.dianeclub-archive.fr\/index.php?rest_route=\/wp\/v2\/pages\/10","targetHints":{"allow":["GET"]}}],"collection":[{"href":"https:\/\/www.dianeclub-archive.fr\/index.php?rest_route=\/wp\/v2\/pages"}],"about":[{"href":"https:\/\/www.dianeclub-archive.fr\/index.php?rest_route=\/wp\/v2\/types\/page"}],"author":[{"embeddable":true,"href":"https:\/\/www.dianeclub-archive.fr\/index.php?rest_route=\/wp\/v2\/users\/1"}],"replies":[{"embeddable":true,"href":"https:\/\/www.dianeclub-archive.fr\/index.php?rest_route=%2Fwp%2Fv2%2Fcomments&post=10"}],"version-history":[{"count":27,"href":"https:\/\/www.dianeclub-archive.fr\/index.php?rest_route=\/wp\/v2\/pages\/10\/revisions"}],"predecessor-version":[{"id":2645,"href":"https:\/\/www.dianeclub-archive.fr\/index.php?rest_route=\/wp\/v2\/pages\/10\/revisions\/2645"}],"wp:attachment":[{"href":"https:\/\/www.dianeclub-archive.fr\/index.php?rest_route=%2Fwp%2Fv2%2Fmedia&parent=10"}],"curies":[{"name":"wp","href":"https:\/\/api.w.org\/{rel}","templated":true}]}}