{"id":51,"date":"2014-11-23T19:25:19","date_gmt":"2014-11-23T18:25:19","guid":{"rendered":"http:\/\/www.dianeclub.fr\/?page_id=51"},"modified":"2023-09-14T22:46:32","modified_gmt":"2023-09-14T20:46:32","slug":"organigramme","status":"publish","type":"page","link":"https:\/\/www.dianeclub-archive.fr\/?page_id=51","title":{"rendered":"Organigramme"},"content":{"rendered":"<h1>Organigramme du Diane Club<\/h1>\n<p>Pr\u00e9sident : Michel ERHART<\/p>\n<p>Secr\u00e9taire : Patrick BAYLE<\/p>\n<p>Tr\u00e9sori\u00e8re :\u00a0Isabelle ERHART<\/p>\n<p>Membre du bureau : Thierry PALTRI\u00c9<\/p>\n<p>Membre du bureau : Salvatore CURABBA<\/p>\n<p>Webmaster : Michel ERHART<\/p>\n","protected":false},"excerpt":{"rendered":"<p>Organigramme du Diane Club Pr\u00e9sident : Michel ERHART Secr\u00e9taire : Patrick BAYLE Tr\u00e9sori\u00e8re :\u00a0Isabelle ERHART Membre du bureau : Thierry PALTRI\u00c9 Membre du bureau : Salvatore CURABBA Webmaster : Michel ERHART<\/p>\n","protected":false},"author":1,"featured_media":0,"parent":0,"menu_order":0,"comment_status":"closed","ping_status":"open","template":"","meta":{"footnotes":""},"class_list":["post-51","page","type-page","status-publish","hentry"],"_links":{"self":[{"href":"https:\/\/www.dianeclub-archive.fr\/index.php?rest_route=\/wp\/v2\/pages\/51","targetHints":{"allow":["GET"]}}],"collection":[{"href":"https:\/\/www.dianeclub-archive.fr\/index.php?rest_route=\/wp\/v2\/pages"}],"about":[{"href":"https:\/\/www.dianeclub-archive.fr\/index.php?rest_route=\/wp\/v2\/types\/page"}],"author":[{"embeddable":true,"href":"https:\/\/www.dianeclub-archive.fr\/index.php?rest_route=\/wp\/v2\/users\/1"}],"replies":[{"embeddable":true,"href":"https:\/\/www.dianeclub-archive.fr\/index.php?rest_route=%2Fwp%2Fv2%2Fcomments&post=51"}],"version-history":[{"count":18,"href":"https:\/\/www.dianeclub-archive.fr\/index.php?rest_route=\/wp\/v2\/pages\/51\/revisions"}],"predecessor-version":[{"id":2653,"href":"https:\/\/www.dianeclub-archive.fr\/index.php?rest_route=\/wp\/v2\/pages\/51\/revisions\/2653"}],"wp:attachment":[{"href":"https:\/\/www.dianeclub-archive.fr\/index.php?rest_route=%2Fwp%2Fv2%2Fmedia&parent=51"}],"curies":[{"name":"wp","href":"https:\/\/api.w.org\/{rel}","templated":true}]}}